s digit of 1713?
3
What is the units digit of 1393?
3
What is the tens digit of 16252?
5
What is the thousands digit of 2595?
2
What is the tens digit of 5802?
0
What is the tens digit of 4850?
5
What is the thousands digit of 11820?
1
What is the ten thousands digit of 31687?
3
What is the units digit of 1725?
5
What is the tens digit of 1340?
4
What is the units digit of 12454?
4
What is the ten thousands digit of 17097?
1
What is the tens digit of 2137?
3
What is the hundreds digit of 44826?
8
What is the ten thousands digit of 22486?
2
What is the hundreds digit of 1635?
6
What is the tens digit of 3134?
3
What is the tens digit of 9306?
0
What is the units digit of 952?
2
What is the tens digit of 9526?
2
What is the units digit of 26353?
3
What is the ten thousands digit of 17556?
1
What is the ten thousands digit of 13414?
1
What is the units digit of 1765?
5
What is the tens digit of 1187?
8
What is the ten thousands digit of 61421?
6
What is the hundreds digit of 4495?
4
What is the units digit of 10911?
1
What is the units digit of 2823?
3
What is the ten thousands digit of 39108?
3
What is the tens digit of 8660?
6
What is the ten thousands digit of 30574?
3
What is the thousands digit of 13929?
3
What is the thousands digit of 33330?
3
What is the units digit of 842?
2
What is the units digit of 1006?
6
What is the units digit of 5939?
9
What is the units digit of 533?
3
What is the hundreds digit of 822?
8
What is the thousands digit of 6512?
6
What is the thousands digit of 3814?
3
What is the thousands digit of 1112?
1
What is the tens digit of 628?
2
What is the tens digit of 12764?
6
What is the hundreds digit of 1334?
3
What is the tens digit of 137012?
1
What is the hundreds digit of 1620?
6
What is the tens digit of 4447?
4
What is the units digit of 14229?
9
What is the thousands digit of 3521?
3
What is the hundreds digit of 4634?
6
What is the tens digit of 1238?
3
What is the thousands digit of 6397?
6
What is the units digit of 680?
0
What is the tens digit of 1008?
0
What is the ten thousands digit of 11276?
1
What is the hundreds digit of 977?
9
What is the hundreds digit of 27569?
5
What is the tens digit of 3028?
2
What is the units digit of 7929?
9
What is the units digit of 2997?
7
What is the thousands digit of 7552?
7
What is the thousands digit of 68326?
8
What is the tens digit of 55820?
2
What is the hundreds digit of 27141?
1
What is the hundreds digit of 96801?
8
What is the tens digit of 2469?
6
What is the tens digit of 114?
1
What is the tens digit of 1357?
5
What is the hundreds digit of 187?
1
What is the units digit of 1477?
7
What is the hundreds digit of 868?
8
What is the units digit of 33748?
8
What is the units digit of 3330?
0
What is the thousands digit of 3929?
3
What is the thousands digit of 1683?
1
What is the thousands digit of 2774?
2
What is the thousands digit of 22147?
2
What is the hundreds digit of 2177?
1
What is the units digit of 268?
8
What is the tens digit of 2154?
5
What is the hundreds digit of 88626?
6
What is the thousands digit of 1467?
1
What is the thousands digit of 60353?
0
What is the units digit of 666?
6
What is the tens digit of 8479?
7
What is the units digit of 7695?
5
What is the hundreds digit of 2084?
0
What is the hundreds digit of 21783?
7
What is the tens digit of 7855?
5
What is the units digit of 1346?
6
What is the tens digit of 3071?
7
What is the hundreds digit of 501?
5
What is the units digit of 4193?
3
What is the ten thousands digit of 57635?
5
What is the hundreds digit of 99260?
2
What is the tens digit of 1041?
4
What is the ten thousands digit of 66597?
6
What is the units digit of 1652?
2
What is the thousands digit of 1220?
1
What is the thousands digit of 18769?
8
What is the tens digit of 1530?
3
What is the tens digit of 95?
9
What is the ten thousands digit of 58316?
5
What is the hundreds digit of 1712?
7
What is the hundreds digit of 34506?
5
What is the tens digit of 2255?
5
What is the units digit of 51565?
5
What is the tens digit of 1054?
5
What is the tens digit of 8886?
8
What is the tens digit of 31846?
4
What is the units digit of 35714?
4
What is the tens digit of 13871?
7
What is the tens digit of 38212?
1
What is the thousands digit of 4507?
4
What is the hundreds digit of 1936?
9
What is the units digit of 2707?
7
What is the hundreds digit of 7258?
2
What is the tens digit of 97?
9
What is the units digit of 1168?
8
What is the units digit of 90896?
6
What is the units digit of 9158?
8
What is the units digit of 781?
1
What is the ten thousands digit of 15932?
1
What is the tens digit of 479?
7
What is the tens digit of 1424?
2
What is the units digit of 683?
3
What is the thousands digit of 2191?
2
What is the thousands digit of 1397?
1
What is the tens digit of 37533?
3
What is the ten thousands digit of 48697?
4
What is the tens digit of 16300?
0
What is the tens digit of 15987?
8
What is the hundreds digit of 1476?
4
What is the hundreds digit of 1943?
9
What is the units digit of 1075?
5
What is the units digit of 900?
0
What is the hundreds digit of 2073?
0
What is the thousands digit of 1086?
1
What is the tens digit of 8462?
6
What is the thousands digit of 2973?
2
What is the hundreds digit of 781?
7
What is the thousands digit of 5170?
5
What is the units digit of 30385?
5
What is the units digit of 51278?
8
What is the hundreds digit of 963?
9
What is the tens digit of 2779?
7
What is the units digit of 3863?
3
What is the tens digit of 5836?
3
What is the thousands digit of 9414?
9
What is the hundreds digit of 8382?
3
What is the tens digit of 602?
0
What is the units digit of 1674?
4
What is the tens digit of 67?
6
What is the ten thousands digit of 55872?
5
What is the tens digit of 6473?
7
What is the units digit of 2106?
6
What is the tens digit of 745?
4
What is the tens digit of 4529?
2
What is the ten thousands digit of 33203?
3
What is the tens digit of 5247?
4
What is the tens digit of 377?
7
What is the tens digit of 2746?
4
What is the units digit of 9145?
5
What is the units digit of 1606?
6
What is the ten thousands digit of 46706?
4
What is the hundreds digit of 25093?
0
What is the ten thousands digit of 22686?
2
What is the ten thousands digit of 59058?
5
What is the hundreds digit of 31522?
5
What is the tens digit of 82005?
0
What is the units digit of 10156?
6
What is the hundreds digit of 7022?
0
What is the units digit of 16728?
8
What is the tens digit of 1147?
4
What is the hundreds digit of 8494?
4
What is the units digit of 119892?
2
What is the units digit of 41964?
4
What is the thousands digit of 15001?
5
What is the units digit of 99?
9
What is the hundreds digit of 7681?
6
What is the units digit of 2909?
9
What is the thousands digit of 1211?
1
What is the ten thousands digit of 21383?
2
What is the units digit of 1315?
5
What is the hundreds digit of 30071?
0
What is the units digit of 494?
4
What is the hundreds digit of 363?
3
What is the tens digit of 2418?
1
What is the units digit of 384?
4
What is the ten thousands digit of 102255?
0
What is the units digit of 175?
5
What is the hundred thousands digit of 105284?
1
What is the units digit of 2969?
9
What is the units digit of 29723?
3
What is the hundreds digit of 955?
9
What is the thousands digit of 9607?
9
What is the units digit of 154947?
7
What is the units digit of 1010?
0
What is the tens digit of 4506?
0
What is the units digit of 554?
4
What is the tens digit of 54487?
8
What is the units digit of 1613?
3
What is the thousands digit of 7003?
7
What is the thousands digit of 1773?
1
What is the units digit of 7179?
9
What is the units digit of 7167?
7
What is the hundreds digit of 49419?
4
What is the ten thousands digit of 70710?
7
What is the ten thousands digit of 32564?
3
What is the units digit of 2050?
0
What is the units digit of 71000?
0
What is the units digit of 2325?
5
What is the hundreds digit of 414?
4
What is the hundreds digit of 12771?
7
What is the units digit of 5?
5
What is the thousands digit of 22799?
2
What is the units digit of 729?
9
What is the tens digit of 2378?
7
What is the hundreds digit of 835?
8
What is the thousands digit of 20014?
0
What is the hundreds digit of 82179?
1
Wha